git of y?
1
Suppose 73 = 3*m - 2. Suppose 2*c - m = 3*u - 6, -u - 5 = 0. Suppose c*r + 4*g - 24 = 0, -2*r = 3*r - g - 27. What is the units digit of r?
6
Let a = 13 + 29. What is the tens digit of a?
4
Let h be (-12)/14*(-20 - 1). Suppose 8*u - h = -i + 3*u, u + 3 = 2*i. Suppose -8*q + i*q = -25. What is the units digit of q?
5
Let s(d) = 2*d**2 + 44. What is the units digit of s(-12)?
2
Suppose -4*s = -1 - 7. Let v(o) = 6*o**2 + o + 2. Let n be v(s). Suppose n = -k + 5*k. What is the units digit of k?
7
Let q(j) = j - 5. Let s be q(4). Let w = 9 + s. What is the units digit of w?
8
Let w(k) = -k**2 - 8*k - 7. Let o be w(-7). Suppose 4*t = d + 49, -7*d + 2*d - 25 = o. What is the tens digit of t?
1
Let b be 1/(-2) - 63/(-14). Suppose 0 = 2*t - b - 20. What is the tens digit of t?
1
Let l be ((-56)/(-32))/(1/(-4)). Let t = l - -12. What is the units digit of t?
5
What is the hundreds digit of 40*(14 + -12)/((-4)/(-14))?
2
Let t be (-102)/(-27) - 2/(-9). Let l(s) = -s**3 - s**2 + s + 1. Let f(v) = 3*v**3 + 9*v**2 - 8*v. Let u(b) = t*l(b) + f(b). What is the units digit of u(4)?
4
What is the hundreds digit of ((-28)/6*11)/(4/(-18))?
2
Suppose 2*q + 2 + 2 = 0. What is the units digit of q*2/(-4) - -18?
9
Suppose -3*y + 52 = -y. Let n(k) = 5*k - 2. Let u be n(4). Let x = y - u. What is the units digit of x?
8
Let j = 5 - 1. Suppose -6 = 6*z - j*z. Let x(k) = k**3 + 5*k**2 + 4*k. What is the units digit of x(z)?
6
Let u be (105/28)/(1/(-4)). What is the units digit of (-2 - u)*(-2 - -3)?
3
Suppose -u + 2 = -7. What is the tens digit of 345/u + 1/(-3)?
3
Let p(f) = 14*f - 62. Let r(s) = -5*s + 21. Let l(i) = -6*p(i) - 17*r(i). Let z(m) = m**2 + 8*m - 2. Let n be z(-7). What is the units digit of l(n)?
6
Suppose 0 = 6*f - 2*f - 12. Let a(o) = 2*o + o**2 + f + 0*o + 0*o**2. What is the units digit of a(-3)?
6
Suppose -b + 5*b + 24 = 0. Let c(m) = m**3 + 7*m**2 + 5*m - 1. What is the units digit of c(b)?
5
Let a(q) = q. Let c be a(5). Suppose -5*g + c*f = -55, -2*f - 1 = -7. What is the units digit of g?
4
Let h(q) = -20*q - 3. What is the units digit of h(-2)?
7
Suppose 3*z - 20 = -5, 5*k = -z - 20. Let v be (-6)/21 - (-2)/7. Let u = v - k. What is the units digit of u?
5
Let z(w) be the second derivative of w**3/3 - w**2 - 5*w. What is the tens digit of z(13)?
2
Let o = -11 + 11. What is the units digit of (-1)/(o + (-1)/37)?
7
Let f(i) = i**2 - 8*i + 3. Let q be f(6). Let w = 15 + q. What is the units digit of w?
6
Let z = 5 + -3. Suppose -6*c + 36 = -z*c. What is the units digit of c?
9
Let d(n) = -n**3 + n**2 + n + 32. What is the tens digit of d(0)?
3
Let c(q) = q + 13. Let j be c(-8). Suppose 3*u + 4*y = 28, 2*y - j = 3. Suppose u = -4*v + n + 15, -2*v + 4*n - 12 = 0. What is the units digit of v?
4
Let l = -9 - -7. Let y = l + 12. What is the tens digit of y?
1
Let x = -17 - -38. What is the units digit of x?
1
Let b(o) = -7*o**2 - 15. Let j(h) = h**2 + 1. Let i(q) = q**3 + 8*q**2 + q + 7. Let t be i(-8). Let x(r) = t*b(r) - 6*j(r). What is the units digit of x(0)?
9
Suppose -2*q = -0*z + 3*z - 79, -3*z - 5*q = -76. What is the units digit of z?
7
Suppose -7*x + 0 + 588 = 0. What is the tens digit of x?
8
Let o(h) = 35*h**2 + 2*h - 1. What is the tens digit of o(1)?
3
Let m be 3*1/((-3)/(-11)). Suppose m = r + 2*q, 0 = -5*r + 2*r - 5*q + 32. What is the units digit of r?
9
Let v = 2 - -15. Let s = -5 + v. What is the tens digit of s?
1
Let n = -32 + 65. What is the tens digit of n?
3
Suppose -2*c + 110 = -c. Let b = -77 + c. What is the units digit of b?
3
Let h(l) = -5*l**2 - 7*l - 6. Let g = -13 - -19. Let y(t) = 9*t**2 + 14*t + 11. Let b(o) = g*y(o) + 11*h(o). What is the tens digit of b(5)?
1
Let o(q) = -6*q + 2. Let s = -4 + 2. Let g be o(s). Suppose 5*u = g + 21. What is the units digit of u?
7
Let t(w) = 10*w + 6. What is the units digit of t(4)?
6
Let m = 56 + -1. What is the units digit of m?
5
Suppose -18 = -2*u - u. What is the units digit of 218/u + 4/6?
7
Suppose -30*b + 29*b = 0. Let w(d) = -d + 11. Let r be w(0). Suppose b*i - r = -i. What is the units digit of i?
1
Suppose -1 = -2*i - 3. Let v = i - -6. Suppose 21 = p - 2*c, p - 19 = v*c + 17. What is the units digit of p?
1
Suppose -h = 4*z + 16 + 8, 55 = -5*z + 5*h. Let l = 11 + z. Suppose -l = -0*j - 2*j. What is the units digit of j?
2
Let o(l) = -9*l - 2*l**2 - 11*l**2 + l**3 - 4*l - 2. What is the units digit of o(14)?
2
Let a be (-18)/(-21)*(-196)/(-4). Let j = a - 20. What is the units digit of j?
2
Suppose -4*z = -592 + 100. What is the tens digit of z?
2
Let a(i) = i**2 - i - 2. Let t(u) = -u**3 - 7*u**2 - 7*u - 1. Let c be t(-6). What is the tens digit of a(c)?
1
Suppose i = -3*i - 4*h + 268, 0 = 2*i + 4*h - 130. What is the tens digit of i?
6
Let v(q) = -2*q**3 - 3*q**3 + 24 + q + q**2 + 4*q**3. What is the tens digit of v(0)?
2
Let g = 92 - 59. What is the tens digit of g?
3
Suppose -d + 4 = d. Let h = d - 8. What is the units digit of (7/2)/((-3)/h)?
7
Let v(k) = -k**2 + 8*k - 5. Let p be v(7). Suppose 0 = p*l - 7 - 9. What is the units digit of l?
8
Suppose w = -2*w + 6. Let o(k) = 6*k - 3. What is the units digit of o(w)?
9
Let p(w) = w**3 + 6*w**2 - 6*w - 5. What is the tens digit of p(-6)?
3
Let u = 124 - 73. What is the units digit of u?
1
Let f be (3/(-2))/((-9)/24). Let s = f + -3. Let u = 2 + s. What is the units digit of u?
3
Let w = -130 + 246. What is the hundreds digit of w?
1
What is the units digit of 2/(-2) - -18 - 0?
7
Suppose 0 = f - 4*b - 27, 0 = -b + 6*b + 5. What is the tens digit of f?
2
Let g = -132 - -222. What is the units digit of g?
0
Let b(z) = -6*z + 3. Let h be b(-3). Suppose -80 = 16*s - h*s. What is the tens digit of s?
1
What is the units digit of 8*3/30*375/6?
0
Let l be ((-10)/(-4) - 2)*0. Suppose -4*c + 39 = 5*k - 89, 5*c + 2*k - 177 = l. What is the units digit of c?
7
Suppose -w - 47 = -2*b, -b - 3*b - 5*w + 101 = 0. Suppose -4*t + 21 = -3*j, 3*t - 4*j - j - b = 0. Suppose 0 = t*d - 1 - 2. What is the units digit of d?
1
Let y = -1 + 4. Suppose 0 = 2*b + r - 12, 3*b - 2*r - 17 = -y*r. Suppose 0 = -t + b*a - 0 - 3, -2*a - 24 = -4*t. What is the units digit of t?
7
Let p(r) = 2*r - 5. What is the units digit of p(4)?
3
Let u be 30/135 + (-862)/(-9). Suppose 3*t = -2*b + t + 46, 4*b - u = -2*t. What is the units digit of b?
5
Let x = 13 - 8. Suppose -2*i + 4 = -x*o, -5*i - o = 3*o - 10. Suppose -i*s + m + 15 = 0, -s = 3*m + m - 30. What is the tens digit of s?
1
Suppose 27 = 4*p - 5*x - 0*x, 0 = -5*x + 5. Let m be (-1)/2*-4 - 0. Suppose -6 = m*c + p*z - 3*z, -8 = 4*z. What is the units digit of c?
2
Let m be (-2)/(-5) + 316/10. Suppose -3*k = k - m. What is the units digit of k?
8
Suppose 0 = 2*o + 6, 3*h - 513 = 8*o - 4*o. What is the tens digit of h?
6
Let o be (-1)/(-3) - 24/(-9). Suppose z - 60 = -o*z. What is the tens digit of z?
1
Let n(f) = f**2 - f. Let t(v) = 2*v**2 + v + 1. Let r(h) = 3*n(h) + t(h). What is the units digit of r(1)?
4
Let h(c) = c**2 + 12*c + 7. What is the tens digit of h(-13)?
2
Let a be 2 + 1 + -3 + 22. Suppose 5*r = 15, -s = r - 0*r - a. What is the tens digit of s?
1
Let h = 68 - -37. What is the hundreds digit of h?
1
Let z be 2/8 - (-2)/(-8). Let v be (z - 2/(-6))*0. Suppose c - d + 1 = 2*d, 5*c - 4*d - 28 = v. What is the units digit of c?
8
What is the tens digit of 227 + (6/30 - 4/(-5))?
2
Suppose 0 = -2*r + 3 + 11. What is the units digit of r?
7
Suppose 3*c - 6 = c. Let u(k) = 3*k**2 - 2*k - 4. What is the units digit of u(c)?
7
Suppose -a + 4*a - 117 = 0. What is the tens digit of a?
3
Let p = 10 - 5. Suppose 8 + 0 = 2*w. Let h = p + w. What is the units digit of h?
9
Let b(f) be the second derivative of f**3/6 - 7*f**2/2 - f. Let l(z) = z**2 + 2*z + 9. Let x be l(0). What is the units digit of b(x)?
2
Suppose -o = -5*z + 4, -o - o = 3*z - 5. What is the tens digit of (18 + 16)*z/1?
3
Let q = -20 - -29. Let h be (16/(-12))/((-4)/(-12)). Let d = q + h. What is the units digit of d?
5
Let c be (-1 - (-4)/(-2)) + 4. Suppose -c = r - 4. Suppose 19 - r = 2*w. What is the units digit of w?
8
Suppose i + 90 = 4*z - 118, -3*z + 169 = -4*i. Suppose 4*x - z = 33. What is the units digit of x?
1
Suppose 5*t + 3*t - 248 = 0. What is the tens digit of t?
3
Suppose -j + 5 = 2. What is the units digit o